{"id":6997,"date":"2025-11-27T14:54:47","date_gmt":"2025-11-27T12:54:47","guid":{"rendered":"https:\/\/momer.ch\/andise\/?post_type=product&#038;p=6997"},"modified":"2026-03-23T22:24:03","modified_gmt":"2026-03-23T20:24:03","slug":"aw-jogger-premium","status":"publish","type":"product","link":"https:\/\/momer.ch\/andise\/?product=aw-jogger-premium","title":{"rendered":"AW JOGGER PREMIUM"},"content":{"rendered":"<p>ANTIWEAR\u00a9 Jogger mit AW Symbol Druck auf der Front.<\/p>\n<p><strong>ALLGEMEINE INFOS:<\/strong><br \/>\n\u2022 Fair produziert<br \/>\n\u2022 Premium-Qualit\u00e4t 300g\/m\u00b2<br \/>\n\u2022 Hochwertiger Stoff in Bio Qualit\u00e4t<br \/>\n\u2022 95% gek\u00e4mmte <span class=\"lexicon-tooltip border-b border-black border-dotted\">Bio-Baumwolle<\/span> oder in Umstellung auf Bio, 5 % Viskose<br \/>\n\u2022 Bleibt auch nach dem Waschen in Premium-Qualit\u00e4t<br \/>\n\u2022 Bedruckt in der Schweiz von Mosillus \u2013 Farbdruck und Kleidungsst\u00fcck 100 % Oeko-Tex zertifiziert<\/p>\n<p><strong>WASCHEMPFEHLUNGEN:<\/strong><br \/>\n\u2022 Nicht chemisch reinigen<br \/>\n\u2022 Nicht im Trockner trocknen<br \/>\n\u2022 Schonw\u00e4sche\/Pflegeleicht 40 \u00b0C, \u00fcber den Druck b\u00fcgeln bis max. 110 \u00b0C<br \/>\n\u2022 Generelle Empfehlung: Links waschen und bei niedriger Temperatur \u00fcber den Druck b\u00fcgeln<\/p>\n<p><strong>GR\u00d6SSENINFO<\/strong><br \/>\n\u2022 Eine mittelschlanke Person mit Gr\u00f6sse 175cm (78KG) Tr\u00e4gt Gr\u00f6sse M<\/p>\n","protected":false},"excerpt":{"rendered":"<p>ANTIWEAR\u00a9 Jogger mit hochwertigem Druck auf der Front. Premium Qualit\u00e4t auch nach dem Waschen! BIO Label.<\/p>\n<p>&nbsp;<\/p>\n","protected":false},"featured_media":7012,"comment_status":"closed","ping_status":"closed","template":"","meta":[],"product_cat":[79,65],"product_tag":[],"class_list":{"0":"post-6997","1":"product","2":"type-product","3":"status-publish","4":"has-post-thumbnail","6":"product_cat-jogger","7":"product_cat-antipimp","8":"product_shipping_class-paket","10":"first","11":"instock","12":"sale","13":"shipping-taxable","14":"purchasable","15":"product-type-variable","16":"has-default-attributes"},"_links":{"self":[{"href":"https:\/\/momer.ch\/andise\/index.php?rest_route=\/wp\/v2\/product\/6997","targetHints":{"allow":["GET"]}}],"collection":[{"href":"https:\/\/momer.ch\/andise\/index.php?rest_route=\/wp\/v2\/product"}],"about":[{"href":"https:\/\/momer.ch\/andise\/index.php?rest_route=\/wp\/v2\/types\/product"}],"replies":[{"embeddable":true,"href":"https:\/\/momer.ch\/andise\/index.php?rest_route=%2Fwp%2Fv2%2Fcomments&post=6997"}],"wp:featuredmedia":[{"embeddable":true,"href":"https:\/\/momer.ch\/andise\/index.php?rest_route=\/wp\/v2\/media\/7012"}],"wp:attachment":[{"href":"https:\/\/momer.ch\/andise\/index.php?rest_route=%2Fwp%2Fv2%2Fmedia&parent=6997"}],"wp:term":[{"taxonomy":"product_cat","embeddable":true,"href":"https:\/\/momer.ch\/andise\/index.php?rest_route=%2Fwp%2Fv2%2Fproduct_cat&post=6997"},{"taxonomy":"product_tag","embeddable":true,"href":"https:\/\/momer.ch\/andise\/index.php?rest_route=%2Fwp%2Fv2%2Fproduct_tag&post=6997"}],"curies":[{"name":"wp","href":"https:\/\/api.w.org\/{rel}","templated":true}]}}