{"id":5128,"date":"2024-03-05T11:39:39","date_gmt":"2024-03-05T09:39:39","guid":{"rendered":"https:\/\/momer.ch\/andise\/?page_id=5128"},"modified":"2026-03-02T00:34:45","modified_gmt":"2026-03-01T22:34:45","slug":"kids","status":"publish","type":"page","link":"https:\/\/momer.ch\/andise\/?page_id=5128","title":{"rendered":"KIDS"},"content":{"rendered":"\n<p class=\"has-text-align-center\">Gerne liefern wir Dir die meisten unserer Produkte auch in Kindergr\u00f6\u00dfen. Wenn Du eine Bestellung oder eine Anfrage per E-Mail sendest, gib bitte die gew\u00fcnschte Gr\u00f6\u00dfe an. F\u00fcge dazu einfach einen entsprechenden Vermerk in Deine Bestellung ein. So k\u00f6nnen wir sicherstellen, dass Du die richtige Gr\u00f6\u00dfe erh\u00e4ltst. Z\u00f6gere nicht, uns bei Fragen zu kontaktieren \u2013 wir helfen Dir gerne weiter! Mail uns : mail(at) momer.ch <\/p>\n","protected":false},"excerpt":{"rendered":"<p>Gerne liefern wir Dir die meisten unserer Produkte auch in Kindergr\u00f6\u00dfen. Wenn Du eine Bestellung oder eine Anfrage per E-Mail sendest, gib bitte die gew\u00fcnschte Gr\u00f6\u00dfe an. F\u00fcge dazu einfach einen entsprechenden Vermerk in Deine Bestellung ein. So k\u00f6nnen wir sicherstellen, dass Du die richtige Gr\u00f6\u00dfe erh\u00e4ltst. Z\u00f6gere nicht, uns bei Fragen zu kontaktieren \u2013<a class=\"more-link\" href=\"https:\/\/momer.ch\/andise\/?page_id=5128\">Read more  &#10230;<\/a><\/p>\n","protected":false},"author":1,"featured_media":0,"parent":0,"menu_order":0,"comment_status":"closed","ping_status":"closed","template":"","meta":{"footnotes":""},"class_list":["post-5128","page","type-page","status-publish","hentry"],"_links":{"self":[{"href":"https:\/\/momer.ch\/andise\/index.php?rest_route=\/wp\/v2\/pages\/5128","targetHints":{"allow":["GET"]}}],"collection":[{"href":"https:\/\/momer.ch\/andise\/index.php?rest_route=\/wp\/v2\/pages"}],"about":[{"href":"https:\/\/momer.ch\/andise\/index.php?rest_route=\/wp\/v2\/types\/page"}],"author":[{"embeddable":true,"href":"https:\/\/momer.ch\/andise\/index.php?rest_route=\/wp\/v2\/users\/1"}],"replies":[{"embeddable":true,"href":"https:\/\/momer.ch\/andise\/index.php?rest_route=%2Fwp%2Fv2%2Fcomments&post=5128"}],"version-history":[{"count":12,"href":"https:\/\/momer.ch\/andise\/index.php?rest_route=\/wp\/v2\/pages\/5128\/revisions"}],"predecessor-version":[{"id":7103,"href":"https:\/\/momer.ch\/andise\/index.php?rest_route=\/wp\/v2\/pages\/5128\/revisions\/7103"}],"wp:attachment":[{"href":"https:\/\/momer.ch\/andise\/index.php?rest_route=%2Fwp%2Fv2%2Fmedia&parent=5128"}],"curies":[{"name":"wp","href":"https:\/\/api.w.org\/{rel}","templated":true}]}}