{"id":4964,"date":"2024-01-25T10:19:30","date_gmt":"2024-01-25T08:19:30","guid":{"rendered":"https:\/\/momer.ch\/andise\/?page_id=4964"},"modified":"2025-05-13T14:16:51","modified_gmt":"2025-05-13T12:16:51","slug":"pflege","status":"publish","type":"page","link":"https:\/\/momer.ch\/andise\/?page_id=4964","title":{"rendered":"PFLEGE"},"content":{"rendered":"<div class=\"wp-block-image\">\n<figure class=\"aligncenter size-full is-resized\"><img loading=\"lazy\" decoding=\"async\" width=\"590\" height=\"120\" src=\"https:\/\/momer.ch\/andise\/wp-content\/uploads\/2023\/08\/Bildschirmfoto-2023-08-18-um-10.32.46.png\" alt=\"\" class=\"wp-image-4582\" style=\"aspect-ratio:4.921052631578948;width:98px;height:auto\"\/><\/figure>\n<\/div>\n\n\n<div class=\"wp-block-columns is-layout-flex wp-container-core-columns-is-layout-9d6595d7 wp-block-columns-is-layout-flex\">\n<div class=\"wp-block-column is-layout-flow wp-block-column-is-layout-flow\">\n<p class=\"has-large-font-size\"><strong>ALLES NEU<\/strong>&#8230;<\/p>\n\n\n\n<p style=\"font-size:20px\">DURCH DIE <strong>RICHTIGE PFLEGE<\/strong> BEHALTEN DIE KLEIDER UND <strong>DRUCKE<\/strong> \u00dcBER EINEN <strong>LANGEN ZEITRAUM<\/strong> IHRE <strong>SCH\u00d6NHEIT<\/strong>. DAHER EMPFEHLEN WIR, DIE UNTEN STEHENDEN <strong>PFLEGEHINWEISE<\/strong> ZU BEACHTEN:<\/p>\n\n\n\n<ul class=\"wp-block-list\">\n<li style=\"font-size:17px;text-transform:uppercase\">Kurzw\u00e4sche\/Pflegeleicht 30\u00b0 Ca 10-30 MIN MAX<\/li>\n\n\n\n<li style=\"font-size:17px;text-transform:uppercase\">Wir empfehlen GRUNDS\u00c4TZLICH keine Trockner<\/li>\n\n\n\n<li style=\"font-size:17px;text-transform:uppercase\">B\u00fcgeln bis max. ca 120\u00b0C <\/li>\n\n\n\n<li style=\"font-size:17px;text-transform:uppercase\">Generelle Empfehlung: Links waschen<\/li>\n\n\n\n<li style=\"font-size:17px;text-transform:uppercase\">Nicht chemisch reinigen<\/li>\n\n\n\n<li style=\"font-size:17px;text-transform:uppercase\">Ein knitteriger Druck kann mit einem B\u00fcgeleisen (ohne Wasser, DAMPF ETC&#8230;) BEI CA 90-100 Grad mit EINER ZWISCHENLAGE Backpapier geGl\u00e4ttet werden. B\u00fcGELEISEN IN FL\u00dcSSIGEN BEWEGUNGEN \u00fcber den druck f\u00fchren.<\/li>\n<\/ul>\n\n\n<div class=\"wp-block-image\">\n<figure class=\"aligncenter size-full is-resized\"><img loading=\"lazy\" decoding=\"async\" width=\"590\" height=\"120\" src=\"https:\/\/momer.ch\/andise\/wp-content\/uploads\/2023\/08\/Bildschirmfoto-2023-08-18-um-10.32.46.png\" alt=\"\" class=\"wp-image-4582\" style=\"aspect-ratio:4.921052631578948;width:98px;height:auto\"\/><\/figure>\n<\/div>\n\n\n<p style=\"font-size:34px\"><strong>WIE LANGE DAUERT DIE LIEFERZEIT?<\/strong><\/p>\n\n\n\n<p style=\"font-size:20px\">WIR PRODUZIEREN ALLE DRUCKE <strong>INHOUSE<\/strong> UND VIELES AUF <strong>BESTELLUNG<\/strong>. DAMIT WIRD NICHT \u201cNUR\u201d DIE <strong>UMWELT GESCHONT,<\/strong> SONDERN WIR <strong>SPAREN AUCH RESSOURCEN<\/strong>. ES KANN DAHER BIS CA 5<strong> ARBEITSTAGE <\/strong>LIEFERZEIT GEBEN.<\/p>\n\n\n\n<p style=\"font-size:20px\">WIR DURCHFORSTEN MANCHMAL <strong>BROCKENH\u00c4USER<\/strong> UM UNVERSEHRTE &amp; UNBEDRUCKTE SHIRTS\/HOODYS ZU <strong>RETTEN\/FINDEN<\/strong>, WELCHE WIR <strong>ANSCHLIESSEND <\/strong>NEU <strong>BEDRUCKEN<\/strong> K\u00d6NNEN. DIESE PRODUKTE SIND IMMER MIT \u201c<strong>VINTAGE<\/strong>\u201d DEKLARIERT.<\/p>\n<\/div>\n\n\n\n<div class=\"wp-block-column is-layout-flow wp-block-column-is-layout-flow\"><div class=\"wp-block-image\">\n<figure class=\"aligncenter size-full is-resized\"><img loading=\"lazy\" decoding=\"async\" width=\"2560\" height=\"2560\" src=\"https:\/\/momer.ch\/andise\/wp-content\/uploads\/2023\/09\/Hoody_Just_Urban_Winter_30er_BR_Anni-scaled.jpg\" alt=\"\" class=\"wp-image-4804\" style=\"width:775px;height:auto\" srcset=\"https:\/\/momer.ch\/andise\/wp-content\/uploads\/2023\/09\/Hoody_Just_Urban_Winter_30er_BR_Anni-scaled.jpg 2560w, https:\/\/momer.ch\/andise\/wp-content\/uploads\/2023\/09\/Hoody_Just_Urban_Winter_30er_BR_Anni-scaled-600x600.jpg 600w, https:\/\/momer.ch\/andise\/wp-content\/uploads\/2023\/09\/Hoody_Just_Urban_Winter_30er_BR_Anni-scaled-150x150.jpg 150w, https:\/\/momer.ch\/andise\/wp-content\/uploads\/2023\/09\/Hoody_Just_Urban_Winter_30er_BR_Anni-scaled-800x800.jpg 800w, https:\/\/momer.ch\/andise\/wp-content\/uploads\/2023\/09\/Hoody_Just_Urban_Winter_30er_BR_Anni-900x900.jpg 900w, https:\/\/momer.ch\/andise\/wp-content\/uploads\/2023\/09\/Hoody_Just_Urban_Winter_30er_BR_Anni-444x444.jpg 444w, https:\/\/momer.ch\/andise\/wp-content\/uploads\/2023\/09\/Hoody_Just_Urban_Winter_30er_BR_Anni-768x768.jpg 768w, https:\/\/momer.ch\/andise\/wp-content\/uploads\/2023\/09\/Hoody_Just_Urban_Winter_30er_BR_Anni-1536x1536.jpg 1536w, https:\/\/momer.ch\/andise\/wp-content\/uploads\/2023\/09\/Hoody_Just_Urban_Winter_30er_BR_Anni-2048x2048.jpg 2048w\" sizes=\"auto, (max-width: 2560px) 100vw, 2560px\" \/><\/figure>\n<\/div><\/div>\n<\/div>\n","protected":false},"excerpt":{"rendered":"<p>ALLES NEU&#8230; DURCH DIE RICHTIGE PFLEGE BEHALTEN DIE KLEIDER UND DRUCKE \u00dcBER EINEN LANGEN ZEITRAUM IHRE SCH\u00d6NHEIT. DAHER EMPFEHLEN WIR, DIE UNTEN STEHENDEN PFLEGEHINWEISE ZU BEACHTEN: WIE LANGE DAUERT DIE LIEFERZEIT? WIR PRODUZIEREN ALLE DRUCKE INHOUSE UND VIELES AUF BESTELLUNG. DAMIT WIRD NICHT \u201cNUR\u201d DIE UMWELT GESCHONT, SONDERN WIR SPAREN AUCH RESSOURCEN. ES KANN DAHER<a class=\"more-link\" href=\"https:\/\/momer.ch\/andise\/?page_id=4964\">Read more  &#10230;<\/a><\/p>\n","protected":false},"author":1,"featured_media":0,"parent":0,"menu_order":0,"comment_status":"closed","ping_status":"closed","template":"","meta":{"footnotes":""},"class_list":["post-4964","page","type-page","status-publish","hentry"],"_links":{"self":[{"href":"https:\/\/momer.ch\/andise\/index.php?rest_route=\/wp\/v2\/pages\/4964","targetHints":{"allow":["GET"]}}],"collection":[{"href":"https:\/\/momer.ch\/andise\/index.php?rest_route=\/wp\/v2\/pages"}],"about":[{"href":"https:\/\/momer.ch\/andise\/index.php?rest_route=\/wp\/v2\/types\/page"}],"author":[{"embeddable":true,"href":"https:\/\/momer.ch\/andise\/index.php?rest_route=\/wp\/v2\/users\/1"}],"replies":[{"embeddable":true,"href":"https:\/\/momer.ch\/andise\/index.php?rest_route=%2Fwp%2Fv2%2Fcomments&post=4964"}],"version-history":[{"count":52,"href":"https:\/\/momer.ch\/andise\/index.php?rest_route=\/wp\/v2\/pages\/4964\/revisions"}],"predecessor-version":[{"id":6594,"href":"https:\/\/momer.ch\/andise\/index.php?rest_route=\/wp\/v2\/pages\/4964\/revisions\/6594"}],"wp:attachment":[{"href":"https:\/\/momer.ch\/andise\/index.php?rest_route=%2Fwp%2Fv2%2Fmedia&parent=4964"}],"curies":[{"name":"wp","href":"https:\/\/api.w.org\/{rel}","templated":true}]}}